{"id":987,"date":"2018-05-22T16:10:32","date_gmt":"2018-05-22T16:10:32","guid":{"rendered":"http:\/\/solarverein-petersberg-marbach.de\/?page_id=987"},"modified":"2018-05-22T16:10:32","modified_gmt":"2018-05-22T16:10:32","slug":"datenschutzerklaerung","status":"publish","type":"page","link":"http:\/\/solarverein-petersberg-marbach.de\/index.php\/datenschutzerklaerung\/","title":{"rendered":"Datenschutzerkl\u00e4rung"},"content":{"rendered":"<h2>Wer wir sind<\/h2>\n<p>Die Adresse unserer Website ist: http:\/\/solarverein-petersberg-marbach.de.<\/p>\n<p><strong>Erkl\u00e4rung zum Datenschutz<\/strong><\/p>\n<p><strong>Wir freuen uns \u00fcber Ihren Besuch auf unserer Website und Ihr Interesse. Beim Umgang mit Ihren Daten sind wir um gr\u00f6\u00dftm\u00f6gliche Sicherheit bem\u00fcht.<\/strong><\/p>\n<p><strong>&nbsp;<\/strong><\/p>\n<p><strong>Personenbezogene Daten<\/strong><\/p>\n<p>Personenbezogene Daten sind Einzelangaben \u00fcber nat\u00fcrliche Personen, die R\u00fcckschl\u00fcsse auf Ihre pers\u00f6nlichen, wirtschaftlichen oder tats\u00e4chlichen Verh\u00e4ltnisse zulassen. Dazu geh\u00f6ren zum Beispiel auch Adress- und Erreichbarkeitsdaten. Informationen, die nicht direkt mit Ihrer wirklichen Identit\u00e4t in Verbindung gebracht werden, zum Beispiel der Besuch favorisierter Webseiten oder Anzahl der Nutzer einer Seite, fallen nicht darunter.<br \/>\nZum Zwecke der Datensicherheit werden bei Ihrem Zugriff auf unsere Seiten auf unserem Server vor\u00fcbergehend Daten gespeichert, die m\u00f6glicherweise eine Identifizierung zulassen. Eine Auswertung erfolgt, mit Ausnahme f\u00fcr statistische Zwecke, nicht. Zu den Zugriffsdaten geh\u00f6ren zum Beispiel die betrachtete Seite, Datum und Uhrzeit der Anforderung und die anonymisierte IP-Adresse des anfordernden Rechners.<\/p>\n<p>&nbsp;<\/p>\n<p><strong>Datenerfassung auf unserer Website<\/strong><\/p>\n<p>Wer ist verantwortlich f\u00fcr die Datenerfassung auf dieser Website?<\/p>\n<p>Die verantwortliche Stelle f\u00fcr die Datenverarbeitung auf dieser Website ist:<\/p>\n<p>Michael Wahl&nbsp;<br \/>\nKirschgrund 3&nbsp;<br \/>\n36100 Petersberg<\/p>\n<p>Telefon: 0661\/64141&nbsp;<br \/>\nE-Mail: michaelwahl@t-online.de<\/p>\n<p>Verantwortliche Stelle ist die nat\u00fcrliche oder juristische Person, die allein oder gemeinsam mit anderen \u00fcber die Zwecke und Mittel der Verarbeitung von personenbezogenen Daten (z.B. Namen, E-Mail-Adressen o. \u00c4.) entscheidet.<\/p>\n<p>Wie erfassen wir Ihre Daten?<\/p>\n<p>Ihre Daten werden zum einen dadurch erhoben, dass Sie uns diese mitteilen- Andere Daten werden automatisch beim Besuch der Website durch unsere IT-Systeme erfasst. Das sind vor allem technische Daten (z.B. Internetbrowser, Betriebssystem oder Uhrzeit des Seitenaufrufs). Die Erfassung dieser Daten erfolgt automatisch, sobald Sie unsere Website betreten.<\/p>\n<p>&nbsp;<\/p>\n<p><strong>Zugang<\/strong><\/p>\n<p>Alle im \u00f6ffentlich zug\u00e4nglichen Bereich unserer Internetseite enthaltenen Rubriken k\u00f6nnen grunds\u00e4tzlich besucht werden. Eine Benutzerauthentifizierung ist daf\u00fcr nicht notwendig. Lediglich wenn Sie sich f\u00fcr einen unserer personalisierten Dienste registrieren lassen, fragen wir Sie nach Ihrem Namen und anderen pers\u00f6nlichen Informationen. Anders ist die Erbringung dieser Dienste nicht m\u00f6glich. Die Dateneingabe ist insofern freiwillig, aber f\u00fcr die Registrierung erforderlich. Alle von Ihnen gemachten Angaben werden entsprechend den geltenden Datenschutzgesetzen behandelt. Die Daten werden ausschlie\u00dflich f\u00fcr den konkreten Zweck verarbeitet. Eine Weitergabe an Dritte erfolgt nicht, es sei denn wir sind zur Weitergabe gesetzlich verpflichtet oder Sie haben uns vorher Ihre ausdr\u00fcckliche Einwilligung in die Weiterleitung erteilt.<\/p>\n<p>&nbsp;<\/p>\n<p><strong>Einsatz von Cookies<\/strong><\/p>\n<p>Unsere Internetseite verwendet Cookies. Bei Cookies handelt es sich um kleine Textdateien, die lokal im Zwischenspeicher des Internet-Browsers des Seitenbesuchers gespeichert werden. Die Cookies erm\u00f6glichen die Wiedererkennung des Internet-Browsers. Obwohl Cookies den von Ihnen benutzten Computer identifizieren k\u00f6nnen, werden von Cookies selbst keine personenbezogenen Daten gespeichert. Sie k\u00f6nnen Ihren Browser so konfigurieren dass, die Annahme von Cookies prinzipiell verweigert wird oder Sie vorab informiert werden, wenn ein Cookie gespeichert wird. Weitere Informationen dazu finden Sie in der Bedienungsanleitung Ihres Internet-Browsers.<br \/>\nWir verwenden ihre IP-Adressen oder Cookies nicht, um Sie pers\u00f6nlich zu identifizieren.<\/p>\n<p><strong>&nbsp;<\/strong><\/p>\n<p><strong>Server-Log-Dateien<\/strong><\/p>\n<p>Der Provider der Seiten erhebt und speichert automatisch Informationen in so genannten Server-Log-Dateien, die Ihr Browser automatisch an uns \u00fcbermittelt. Dies sind:<\/p>\n<ul>\n<li>Browsertyp und Browserversion<\/li>\n<li>verwendetes Betriebssystem<\/li>\n<li>Referrer URL<\/li>\n<li>Hostname des zugreifenden Rechners<\/li>\n<li>Uhrzeit der Serveranfrage<\/li>\n<li>IP-Adresse<\/li>\n<\/ul>\n<p>Eine Zusammenf\u00fchrung dieser Daten mit anderen Datenquellen wird nicht vorgenommen.<\/p>\n<p>Grundlage f\u00fcr die Datenverarbeitung ist Art. 6 Abs. 1 lit. f DSGVO, der die Verarbeitung von Daten zur Erf\u00fcllung eines Vertrags oder vorvertraglicher Ma\u00dfnahmen gestattet.<\/p>\n<p>&nbsp;<\/p>\n<p><strong>Google Analytics<\/strong><\/p>\n<p>Diese Website nutzt aufgrund unserer berechtigten Interessen zur Optimierung und Analyse unseres Online-Angebots im Sinne des Art. 6 Abs. 1 lit. f. DSGVO den Dienst \u201eGoogle Analytics\u201c, welcher von der Google Inc. (1600 Amphitheatre Parkway Mountain View, CA 94043, USA) angeboten wird. Der Dienst (Google Analytics) verwendet \u201eCookies\u201c \u2013 Textdateien, welche auf Ihrem Endger\u00e4t gespeichert werden. Die durch die Cookies gesammelten Informationen werden im Regelfall an einen Google-Server in den USA gesandt und dort gespeichert.<\/p>\n<p>&nbsp;<\/p>\n<p>Google LLC h\u00e4lt das europ\u00e4ische Datenschutzrecht ein und ist unter dem Privacy-Shield-Abkommen zertifiziert: <a href=\"https:\/\/www.privacyshield.gov\/participant?id=a2zt000000001L5AAI&amp;status=Active\">https:\/\/www.privacyshield.gov\/participant?id=a2zt000000001L5AAI&amp;status=Active<\/a><\/p>\n<p>&nbsp;<\/p>\n<p>Auf dieser Website greift die IP-Anonymisierung. Die IP-Adresse der Nutzer wird innerhalb der Mitgliedsstaaten der EU und des Europ\u00e4ischen Wirtschaftsraum und in den anderen Vertragsstaaten des Abkommens gek\u00fcrzt. Nur in Einzelf\u00e4llen wird die IP-Adresse zun\u00e4chst ungek\u00fcrzt in die USA an einen Server von Google \u00fcbertragen und dort gek\u00fcrzt. Durch diese K\u00fcrzung entf\u00e4llt der Personenbezug Ihrer IP-Adresse. Die vom Browser \u00fcbermittelte IP-Adresse des Nutzers wird nicht mit anderen von Google gespeicherten Daten kombiniert.<\/p>\n<p>&nbsp;<\/p>\n<p>Im Rahmen der Vereinbarung zur Auftragsdatenvereinbarung, welche wir als Websitebetreiber mit der Google Inc. geschlossen haben, erstellt diese mithilfe der gesammelten Informationen eine Auswertung der Websitenutzung und der Websiteaktivit\u00e4t und erbringt mit der Internetnutzung verbundene Dienstleistungen.<\/p>\n<p>&nbsp;<\/p>\n<p>Die von Google in unserem Auftrag erhobenen Daten werden genutzt, um die Nutzung unseres Online-Angebots durch die einzelnen Nutzer auswerten zu k\u00f6nnen, z. B. um Reports \u00fcber die Aktivit\u00e4t auf der Website zu erstellen, um unser Online-Angebot zu verbessern.<\/p>\n<p>&nbsp;<\/p>\n<p>Sie haben die M\u00f6glichkeit, die Speicherung der Cookies auf Ihrem Ger\u00e4t zu verhindern, indem Sie in Ihrem Browser entsprechende Einstellungen vornehmen. Es ist nicht gew\u00e4hrleistet, dass Sie auf alle Funktionen dieser Website ohne Einschr\u00e4nkungen zugreifen k\u00f6nnen, wenn Ihr Browser keine Cookies zul\u00e4sst.<\/p>\n<p>&nbsp;<\/p>\n<p>Weiterhin k\u00f6nnen Sie durch ein Browser-Plugin verhindern, dass die durch Cookies gesammelten Informationen (inklusive Ihrer IP-Adresse) an die Google Inc. gesendet und von der Google Inc. genutzt werden. Folgender Link f\u00fchrt Sie zu dem entsprechenden Plugin: <a href=\"https:\/\/tools.google.com\/dlpage\/gaoptout?hl=de\">https:\/\/tools.google.com\/dlpage\/gaoptout?hl=de<\/a><\/p>\n<p>&nbsp;<\/p>\n<p>Alternativ verhindern Sie mit einem Klick auf diesen Link (WICHTIG: Opt-Out-Link einf\u00fcgen), dass Google Analytics innerhalb dieser Website Daten \u00fcber Sie erfasst. Mit dem Klick auf obigen Link laden Sie ein \u201eOpt-Out-Cookie\u201c herunter. Ihr Browser muss die Speicherung von Cookies also hierzu grunds\u00e4tzlich erlauben. L\u00f6schen Sie Ihre Cookies regelm\u00e4\u00dfig, ist ein erneuter Klick auf den Link bei jedem Besuch dieser Website vonn\u00f6ten.<\/p>\n<p>&nbsp;<\/p>\n<p>Hier finden Sie weitere Informationen zur Datennutzung durch die Google Inc.:<\/p>\n<p>&nbsp;<\/p>\n<ul>\n<li><a href=\"https:\/\/policies.google.com\/privacy\/partners?hl=de\">https:\/\/policies.google.com\/privacy\/partners?hl=de<\/a> (Daten, die von Google-Partnern erhoben werden)<\/li>\n<li><a href=\"https:\/\/adssettings.google.de\/authenticated\">https:\/\/adssettings.google.de\/authenticated<\/a> (Einstellungen \u00fcber Werbung, die Ihnen angezeigt wird)<\/li>\n<li><a href=\"https:\/\/policies.google.com\/technologies\/ads?hl=de\">https:\/\/policies.google.com\/technologies\/ads?hl=de<\/a> (Verwendung von Cookies in Anzeigen)<\/li>\n<\/ul>\n<p><strong>Links zu anderen Websites<\/strong><\/p>\n<p>Auf unserer Website befinden sich Hyperlinks zu anderen Websites, die nicht zum Solarverein geh\u00f6ren. Wir \u00fcbernehmen keine Haftung f\u00fcr eventuelle Datenschutzverletzungen, die sich beim Besuch dieser Angebote ergeben.<\/p>\n<p>&nbsp;<\/p>\n<p><strong>Rechte des Nutzers<\/strong><\/p>\n<p>Sie haben als Nutzer das Recht, auf Antrag eine kostenlose Auskunft dar\u00fcber zu erhalten, welche personenbezogenen Daten \u00fcber Sie gespeichert wurden. Sie haben au\u00dferdem das Recht auf Berichtigung falscher Daten und auf die Verarbeitungseinschr\u00e4nkung oder L\u00f6schung Ihrer personenbezogenen Daten. Falls zutreffend, k\u00f6nnen Sie auch Ihr Recht auf Datenportabilit\u00e4t geltend machen. Sollten Sie annehmen, dass Ihre Daten unrechtm\u00e4\u00dfig verarbeitet wurden, k\u00f6nnen Sie eine Beschwerde bei der zust\u00e4ndigen Aufsichtsbeh\u00f6rde einreichen.<\/p>\n<p><strong>&nbsp;<\/strong><\/p>\n<p><strong>Widerruf der Einwilligung<\/strong><\/p>\n<p>Sie k\u00f6nnen die Einwilligung zur Erhebung, Verarbeitung und Nutzung Ihrer personenbezogenen Daten jederzeit mit Wirkung f\u00fcr die Zukunft widerrufen. Wenn Sie uns personenbezogene Daten &#8211; beispielsweise bei der Anforderung eines Newsletters &#8211; \u00fcberlassen haben, haben Sie jederzeit die M\u00f6glichkeit, diese einfach wieder l\u00f6schen zu lassen.<\/p>\n<p>&nbsp;<\/p>\n<p><strong>Beschwerderecht bei der zust\u00e4ndigen Aufsichtsbeh\u00f6rde<\/strong><\/p>\n<p>Im Falle datenschutzrechtlicher Verst\u00f6\u00dfe steht dem Betroffenen ein Beschwerderecht bei der zust\u00e4ndigen Aufsichtsbeh\u00f6rde zu. Zust\u00e4ndige Aufsichtsbeh\u00f6rde in datenschutzrechtlichen Fragen ist der Landesdatenschutzbeauftragte des Bundeslandes, in dem unser Unternehmen seinen Sitz hat. Eine Liste der Datenschutzbeauftragten sowie deren Kontaktdaten k\u00f6nnen folgendem Link entnommen werden:&nbsp; <a href=\"https:\/\/www.bfdi.bund.de\/DE\/Infothek\/Anschriften_Links\/anschriften_links-node.html\">https:\/\/www.bfdi.bund.de\/DE\/Infothek\/Anschriften_Links\/anschriften_links-node.html<\/a><strong>.<\/strong><\/p>\n<p><strong>&nbsp;<\/strong><\/p>\n<p><strong>Recht auf Daten\u00fcbertragbarkeit<\/strong><\/p>\n<p>Sie haben das Recht, Daten, die wir auf Grundlage Ihrer Einwilligung oder in Erf\u00fcllung eines Vertrags automatisiert verarbeiten, an sich oder an einen Dritten in einem g\u00e4ngigen, maschinenlesbaren Format aush\u00e4ndigen zu lassen. Sofern Sie die direkte \u00dcbertragung der Daten an einen anderen Verantwortlichen verlangen, erfolgt dies nur, soweit es technisch machbar ist.<\/p>\n<p><strong>&nbsp;<\/strong><\/p>\n<h2>&nbsp;<\/h2>\n<h2>Welche personenbezogenen Daten wir sammeln und warum wir sie sammeln<\/h2>\n<h3>Kommentare<\/h3>\n<p>Wenn Besucher Kommentare auf der Website schreiben, sammeln wir die Daten, die im Kommentar-Formular angezeigt werden, au\u00dferdem die IP-Adresse des Besuchers und den User-Agent-String (damit wird der Browser identifiziert), um die Erkennung von Spam zu unterst\u00fctzen.<\/p>\n<p>Aus deiner E-Mail-Adresse kann eine anonymisierte Zeichenfolge erstellt (auch Hash genannt) und dem Gravatar-Dienst \u00fcbergeben werden, um zu pr\u00fcfen, ob du diesen benutzt. Die Datenschutzerkl\u00e4rung des Gravatar-Dienstes findest du hier: https:\/\/automattic.com\/privacy\/. Nachdem dein Kommentar freigegeben wurde, ist dein Profilbild \u00f6ffentlich im Kontext deines Kommentars sichtbar.<\/p>\n<h3>Medien<\/h3>\n<p>Wenn du ein registrierter Benutzer bist und Fotos auf diese Website l\u00e4dst, solltest du vermeiden, Fotos mit einem EXIF-GPS-Standort hochzuladen. Besucher dieser Website k\u00f6nnten Fotos, die auf dieser Website gespeichert sind, herunterladen und deren Standort-Informationen extrahieren.<\/p>\n<h3>&nbsp;<\/h3>\n","protected":false},"excerpt":{"rendered":"<p>Wer wir sind Die Adresse unserer Website ist: http:\/\/solarverein-petersberg-marbach.de. Erkl\u00e4rung zum Datenschutz Wir freuen uns \u00fcber Ihren Besuch auf unserer Website und Ihr Interesse. Beim Umgang mit Ihren Daten sind wir um gr\u00f6\u00dftm\u00f6gliche Sicherheit bem\u00fcht. &nbsp; Personenbezogene Daten Personenbezogene Daten sind Einzelangaben \u00fcber nat\u00fcrliche Personen, die R\u00fcckschl\u00fcsse auf Ihre pers\u00f6nlichen, wirtschaftlichen oder tats\u00e4chlichen Verh\u00e4ltnisse zulassen. [&hellip;]<\/p>\n","protected":false},"author":1,"featured_media":0,"parent":0,"menu_order":0,"comment_status":"closed","ping_status":"closed","template":"","meta":{"ngg_post_thumbnail":0,"footnotes":""},"class_list":["post-987","page","type-page","status-publish","hentry"],"_links":{"self":[{"href":"http:\/\/solarverein-petersberg-marbach.de\/index.php\/wp-json\/wp\/v2\/pages\/987","targetHints":{"allow":["GET"]}}],"collection":[{"href":"http:\/\/solarverein-petersberg-marbach.de\/index.php\/wp-json\/wp\/v2\/pages"}],"about":[{"href":"http:\/\/solarverein-petersberg-marbach.de\/index.php\/wp-json\/wp\/v2\/types\/page"}],"author":[{"embeddable":true,"href":"http:\/\/solarverein-petersberg-marbach.de\/index.php\/wp-json\/wp\/v2\/users\/1"}],"replies":[{"embeddable":true,"href":"http:\/\/solarverein-petersberg-marbach.de\/index.php\/wp-json\/wp\/v2\/comments?post=987"}],"version-history":[{"count":0,"href":"http:\/\/solarverein-petersberg-marbach.de\/index.php\/wp-json\/wp\/v2\/pages\/987\/revisions"}],"wp:attachment":[{"href":"http:\/\/solarverein-petersberg-marbach.de\/index.php\/wp-json\/wp\/v2\/media?parent=987"}],"curies":[{"name":"wp","href":"https:\/\/api.w.org\/{rel}","templated":true}]}}